{"id":334,"date":"2018-04-10T19:17:59","date_gmt":"2018-04-10T19:17:59","guid":{"rendered":"http:\/\/www.ycvysokemyto.cz\/?page_id=334"},"modified":"2018-04-12T09:56:18","modified_gmt":"2018-04-12T09:56:18","slug":"zavodnici-klubu","status":"publish","type":"page","link":"https:\/\/www.ycvysokemyto.cz\/index.php\/zavodnici-klubu\/","title":{"rendered":"Z\u00e1vodn\u00edci klubu"},"content":{"rendered":"<h3>Z\u00e1vodn\u00edci sout\u011b\u017e\u00edc\u00ed pod vlajkou Yacht klubu Vysok\u00e9 M\u00fdto<\/h3>\n<p><img decoding=\"async\" loading=\"lazy\" class=\"alignnone wp-image-339\" src=\"http:\/\/www.ycvysokemyto.cz\/wp-content\/uploads\/2018\/04\/YCVM-logo-2.png\" alt=\"\" width=\"254\" height=\"171\" \/><\/p>\n<div>Dr\u00e1bek Martin ml., t\u0159. Las<\/div>\n<div>Dym\u00e1k Ji\u0159\u00ed ml., t\u0159. Las<\/div>\n<div>Dym\u00e1k Ji\u0159\u00ed st. Pir\u00e1t<\/div>\n<div>Havel Jan ml., t\u0159. Las nebo P<\/div>\n<div>Moravcov\u00e1 Jana t\u0159. E<\/div>\n<div>Smutek Jan ml., t\u0159. F<\/div>\n<div>Steiner Ji\u0159\u00ed t\u0159. P<\/div>\n<div>Steiner Michal t\u0159. Las<\/div>\n<div>Zdra\u017eil Josef t\u0159. F<\/div>\n<div>Nalezenec Vojt\u011bch t\u0159. F<\/div>\n<div>Winkler Jan t\u0159. P<\/div>\n","protected":false},"excerpt":{"rendered":"<p>Z\u00e1vodn\u00edci sout\u011b\u017e\u00edc\u00ed pod vlajkou Yacht klubu Vysok\u00e9 M\u00fdto Dr\u00e1bek Martin ml., t\u0159. Las Dym\u00e1k Ji\u0159\u00ed ml., t\u0159. Las Dym\u00e1k Ji\u0159\u00ed st. Pir\u00e1t Havel Jan ml., t\u0159. Las nebo P Moravcov\u00e1 Jana t\u0159. E Smutek Jan ml., t\u0159. F Steiner Ji\u0159\u00ed t\u0159. P Steiner Michal t\u0159. Las Zdra\u017eil Josef t\u0159. F Nalezenec Vojt\u011bch t\u0159. F Winkler [&hellip;]<\/p>\n","protected":false},"author":1,"featured_media":0,"parent":0,"menu_order":0,"comment_status":"closed","ping_status":"closed","template":"","meta":[],"_links":{"self":[{"href":"https:\/\/www.ycvysokemyto.cz\/index.php\/wp-json\/wp\/v2\/pages\/334"}],"collection":[{"href":"https:\/\/www.ycvysokemyto.cz\/index.php\/wp-json\/wp\/v2\/pages"}],"about":[{"href":"https:\/\/www.ycvysokemyto.cz\/index.php\/wp-json\/wp\/v2\/types\/page"}],"author":[{"embeddable":true,"href":"https:\/\/www.ycvysokemyto.cz\/index.php\/wp-json\/wp\/v2\/users\/1"}],"replies":[{"embeddable":true,"href":"https:\/\/www.ycvysokemyto.cz\/index.php\/wp-json\/wp\/v2\/comments?post=334"}],"version-history":[{"count":4,"href":"https:\/\/www.ycvysokemyto.cz\/index.php\/wp-json\/wp\/v2\/pages\/334\/revisions"}],"predecessor-version":[{"id":350,"href":"https:\/\/www.ycvysokemyto.cz\/index.php\/wp-json\/wp\/v2\/pages\/334\/revisions\/350"}],"wp:attachment":[{"href":"https:\/\/www.ycvysokemyto.cz\/index.php\/wp-json\/wp\/v2\/media?parent=334"}],"curies":[{"name":"wp","href":"https:\/\/api.w.org\/{rel}","templated":true}]}}

Závodníci klubu

<h3>Závodníci soutěžící pod vlajkou Yacht klubu Vysoké Mýto</h3>
<p><img decoding="async" loading="lazy" class="alignnone wp-image-339" src="http://www.ycvysokemyto.cz/wp-content/uploads/2018/04/YCVM-logo-2.png" alt="" width="254" height="171" /></p>
<div>Drábek Martin ml., tř. Las</div>
<div>Dymák Jiří ml., tř. Las</div>
<div>Dymák Jiří st. Pirát</div>
<div>Havel Jan ml., tř. Las nebo P</div>
<div>Moravcová Jana tř. E</div>
<div>Smutek Jan ml., tř. F</div>
<div>Steiner Jiří tř. P</div>
<div>Steiner Michal tř. Las</div>
<div>Zdražil Josef tř. F</div>
<div>Nalezenec Vojtěch tř. F</div>
<div>Winkler Jan tř. P</div>

<p>Závodníci soutěžící pod vlajkou Yacht klubu Vysoké Mýto Drábek Martin ml., tř. Las Dymák Jiří ml., tř. Las Dymák Jiří st. Pirát Havel Jan ml., tř. Las nebo P Moravcová Jana tř. E Smutek Jan ml., tř. F Steiner Jiří tř. P Steiner Michal tř. Las Zdražil Josef tř. F Nalezenec Vojtěch tř. F Winkler [&hellip;]</p>
